 + 5*c + 9 = 20, 3*c = -h + 5. Is (5 + 1 + -579)/h a prime number?
False
Is (-402213488)/(-2616) + 1/(-3) prime?
False
Let x = -50181 - -72226. Is x a composite number?
True
Let r(t) = 107*t**3 - 4 - t**2 - t**2 - 3*t**2. Let i be r(4). Suppose 0 = -5*o + 3*f + i, -o - 4*f - 4065 = -4*o. Is o a prime number?
False
Let p be 280/(-16)*(-36)/10. Let q = p - 61. Suppose -982 = -q*v + 2*r, 3*r = 3*v - r - 1477. Is v a composite number?
False
Let n(b) be the first derivative of 11*b**2/2 + 215*b + 125. Is n(-6) prime?
True
Suppose -3*k + 61 = 2*a, -3*k = 64 - 55. Suppose 50*q = a*q + 97035. Is q prime?
True
Let i(l) = 30*l**3 + 5*l**2 + 10*l + 50. Let m(p) = 30*p**3 + 6*p**2 + 10*p + 52. Let j(h) = -7*i(h) + 6*m(h). Is j(-5) a prime number?
False
Let j = -15 + 19. Suppose -12*v = j*v + 80. Let b(a) = -9*a**3 - 5*a**2 + a - 4. Is b(v) a composite number?
False
Suppose 5*j - j - 12 = 0. Suppose 5*i + 1220 = -j*l, 5*i + 159 + 231 = -l. Let k = l - -900. Is k composite?
True
Is 30/8 + -4 - (-9 - 627462/24) composite?
False
Suppose -21109292 = -250*v + 13558324 + 20580634. Is v a composite number?
True
Let p(k) = -k**2 + 10*k - 13. Let o be p(8). Let g(m) = 0*m + 547*m**2 + 5*m + o - 2*m - 5*m. Is g(-2) composite?
True
Let b(g) be the first derivative of 21*g**3 - 49*g**2/2 + 19*g + 16. Let k(r) = 31*r**2 - 25*r + 9. Let z(w) = -2*b(w) + 5*k(w). Is z(-12) composite?
False
Let b(q) = 13*q**3 + 11*q - 22*q**3 + 10*q**2 + 8*q**3. Let a be b(11). Suppose 670 = -a*p + 2*p - 3*x, p = -x + 325. Is p composite?
True
Is 166781*(-13 - -6)/(-7) a composite number?
False
Let q = 189799 - 13266. Is q a prime number?
False
Suppose 5*i = 5*y, 0*i = 3*i - 2*y - 3. Suppose 3*x + 2035 = 4*u, 3*u = -2*u + i*x + 2546. Is u a composite number?
True
Let m = 259398 - 123421. Is m prime?
True
Let v(m) = 10*m**3 - m**2 - m + 2. Let l be v(1). Let d = -6 + l. Suppose 403 = n + 4*z, 5*z - 581 - 1009 = -d*n. Is n prime?
False
Suppose 0 = -19*j + 12*j - 20489. Is j/((3 - 4)/1) a composite number?
False
Suppose -33*i = -2169278 + 67215 - 829954. Is i composite?
True
Let u(f) = f + 22. Let t be ((-3)/(-12) + (-1)/(-4))*0. Let j be u(t). Is ((-2922)/4)/((-11)/j) prime?
False
Let i = 70 + -72. Is (i*(-3621)/(-6))/(-1) a composite number?
True
Let v be 2/7 + (-206)/(-14). Let i(j) = 218*j**2 + 928*j + 3. Let n be i(-19). Suppose -n - 17336 = -v*l. Is l prime?
True
Suppose 0 = 439*o - 432*o - 1933799. Suppose -11*t + 148772 = -o. Is t a composite number?
False
Suppose -3*a - 301193 = -3*k + 1148830, -20 = 5*a. Is k composite?
False
Let x be 6 + -3845 + (-14 - -7). Let v = 7789 + x. Is v a prime number?
True
Let n be (-1 + (-8)/(-12)*3)*-1. Let k be n - (-932)/(-1 - 1). Is 2/8 + k/(-4) - -2 a prime number?
False
Let a = 95791 + -39564. Is a a composite number?
True
Suppose 24*n = -3*b + 25*n - 301, 5*b - 3*n + 495 = 0. Let d be ((-112)/3)/((-4)/30). Let l = d + b. Is l a prime number?
False
Let b(v) = 698*v**2 + 6*v - 1. Suppose 0 = -5*u + u - 4. Is b(u) prime?
True
Suppose -371*a = -330*a - 937711. Is a a composite number?
False
Let h = 168 + 4. Is 81 + h + -1 + -1 prime?
True
Suppose 5*i = -32 + 42. Suppose 2*l = -2*l - 12, -h + i*l = -8. Suppose 0 = -u - 3*t + 1134, h*u + 2*t - 1129 = u. Is u composite?
True
Is -268*(-790)/80*2 a prime number?
False
Suppose 8*r = r - 581. Let i = 87 + r. Is 705 - ((-30)/(-5) - i) a prime number?
False
Is -7 - (-10 - 7698/(-5))*-210 composite?
True
Suppose 15478030 = -172*n + 182*n. Is n composite?
False
Suppose -30*p = -32*p + 260. Suppose 0 = -63*r + 64*r - 544. Suppose -2*d + p = -r. Is d composite?
False
Let c = -553495 + 961854. Is c a composite number?
True
Suppose 3*q = 2*w - 1120 + 6629, 0 = -3*w - 4*q - 8255. Let k = w - -5045. Suppose 653 = 5*g - k. Is g a composite number?
True
Let h(t) = -17849*t + 3733. Is h(-22) composite?
True
Suppose 157*h - 155*h - 3104 = 0. Let i = -1053 + h. Is i a prime number?
True
Let c(h) = -5*h + 34. Let v be c(-17). Let z = 140 - v. Is z a composite number?
True
Let u be 0 - (-8 + (-6 - 6363)). Let l = u - -8640. Is l composite?
False
Let f(b) = -b**3 + 7*b**2 - 11*b + 4. Let c be f(2). Suppose 4*p + 173 = t - 3860, 3*t - 12139 = c*p. Is t composite?
False
Suppose 29*m + 6109594 - 14863295 = 18*m. Is m composite?
False
Suppose 7*h - 535661 = -w, 5*w + 229569 = 5*h - 2*h. Is h a composite number?
True
Suppose 2*j = 43 - 61. Is (-6 - 1) + (-9450)/j a prime number?
False
Let m = 50800 - 27614. Suppose 6 + 10 = 4*c, 2*d - m = 3*c. Is d prime?
False
Let d = 7308 - 4988. Suppose -4*n - n = 5, -n - 17 = -4*u. Is u + d/5 - -3 composite?
True
Suppose 5*v + 2*x = 141947, -14*x + 10*x - 56750 = -2*v. Is v prime?
True
Suppose 7*u + 3410 = -9729. Let a = u - -2870. Is a composite?
True
Let d(v) = -3*v**2 - 433*v + 165. Is d(-94) a composite number?
True
Let b(x) = x**3 - 24*x**2 - 82*x + 34. Let y be b(27). Suppose y*h = -11340 + 40747. Is h composite?
False
Let m(a) = -12686*a**3 + a + 2. Let k be m(-1). Suppose 32*t - 29*t - k = 0. Is t a composite number?
False
Let a = 508 + 217. Let x = a - -1246. Let p = x - 470. Is p a prime number?
False
Let w = 196 - -281. Suppose -w = -3*q + 2706. Is q a prime number?
True
Let s = 306 - 304. Suppose 2*z - 28278 = 2*a, 0 = -s*z + a - 13099 + 41381. Is z a composite number?
False
Let s(k) = 13*k**2 + 74*k - 17. Let n be s(19). Is 2/4*(-5 + n + -3) prime?
True
Suppose 0*o = -3*o + 6. Let t be (24/16)/(o/12). Is (t + -8)/(2/38) composite?
False
Let b(t) = -382*t**2 - 67*t + 227. Let m(f) = -127*f**2 - 22*f + 76. Let d(h) = -3*b(h) + 8*m(h). Is d(6) a prime number?
False
Let o(h) = 1150*h - 21. Let y(z) = 3. Let u(s) = -o(s) + 6*y(s). Is u(-8) a composite number?
False
Let j(p) be the second derivative of -991*p**3/3 + 163*p**2/2 - 317*p. Is j(-3) a prime number?
False
Let d = 165 + -175. Is (4038/15)/((-4)/d) a prime number?
True
Suppose f = 134 + 170. Let j = 845 - f. Is j a composite number?
False
Suppose -39*l + 125 = -14*l. Is l - 47500/(6 - 11) a composite number?
True
Suppose -11*g + 498733 = -91670. Is g a prime number?
False
Let l = 1117572 - 573893. Is l a composite number?
False
Let f(y) = -4595*y**3 + 19*y**2 + 26*y + 87. Is f(-7) composite?
False
Is 3919072/320 + 5/(-50) a prime number?
False
Let h(t) = 55*t**3 + 37*t + 113. Is h(12) prime?
True
Let a(v) = 17236*v - 3317. Is a(6) prime?
False
Is 99834/2 - (-10)/4*88/110 prime?
True
Suppose z + 0*z = 7. Let f be 7 + -7 + 10 - 8. Suppose 4*c = f*s + 12068, 2*c + 5*s + 15085 = z*c. Is c a composite number?
True
Let j be (2 + 3)*(-39)/(-65). Suppose 0 = 5*s - 5*c - 8555, c = -j*s - 0*s + 5125. Is s a prime number?
True
Let t = 2161 + -3139. Let f = t + 2881. Is f a prime number?
False
Let r = 5065 - 2995. Let q = r + 445. Is q a composite number?
True
Suppose 0 = -3*o + 4*k + 251851, -94*o + 2*k + 335818 = -90*o. Is o composite?
True
Let x(w) = w**2 - 2*w - 15. Let t be x(5). Suppose -64*d + 67*d - 381 = t. Is d prime?
True
Suppose 4*f = 2*m + 2756, 5*f + 4*m - 944 - 2514 = 0. Let x(j) = 44*j**2 - 3*j - 6. Let g be x(-5). Let o = g + f. Is o composite?
True
Suppose 0 = -2*k - 2*f + 24, 5*k + 1 = 3*f + 21. Suppose 2*a + 12 = 5*a. Suppose a*x + k = 155. Is x a prime number?
True
Let r(k) = -28*k**3 - 38*k**2 + 68*k + 803. Is r(-25) a prime number?
False
Let x(q) = 15*q**2 - 41*q - 1079. Is x(90) a prime number?
True
Let j(p) be the second derivative of p**4/12 + 5*p**3/6 - 21*p**2/2 + 2*p - 2993. Let i = 19 - 2. Is j(i) prime?
True
Let u(g) = -6647*g - 56. Let v be u(5). Is 34/187 - v/33 composite?
False
Let k(t) = -2*t**3 + t**2 + 4*t + 1. Let n be k(-3). Let a = -16 - n. Is (-9095)/a - 2/(-8) composite?
True
Is (-4 - -11)*(-9 - -16 - -17544) composite?
True
Is (-1)/((-136)/(-28) + -4 - (-25258999)/(-29468677)) composite?
True
Let v(x) = x**3 + 8*x**2 + 6*x - 3. Let k be v(-7). Suppose -2*r - z - 3 = 0, -k*z + 3 + 9 = -4*r. Is r*-37*(-22)/(-4) a prime number?
False
Let c(x) = 2*x**2 + 2*x + 1229. Let n(g) = -g**3 - 5*g**2 + 3*g + 11. Let y be n(-5). Let h be (-5 + (1 - y))*-1. Is c(h) prime?
True
Let m(u) = u**2 - 15*u + 60. Let q be m(8). Suppose 4*c + 2*j - 78148 = -0*j, q*j = 5*c - 97659. Is c composite?
True
Let w(m) = -11*m**3 - 10*m**2 + 15*m + 28. Is w(-17) a composite number?
True
Let n = 43 - -1. Let p = n + -41. Sup